{"id":18324,"date":"2026-02-28T15:55:38","date_gmt":"2026-02-28T15:55:38","guid":{"rendered":"https:\/\/conventodasertahotel.pt\/?page_id=18324"},"modified":"2026-03-08T23:51:28","modified_gmt":"2026-03-08T23:51:28","slug":"exposicao","status":"publish","type":"page","link":"https:\/\/conventodasertahotel.pt\/en\/exposicao\/","title":{"rendered":"Exposi\u00e7\u00e3o"},"content":{"rendered":"<div  data-mk-stretch-content=\"true\" class=\"wpb_row vc_row vc_row-fluid jupiter-donut- mk-fullwidth-false  attched-false     js-master-row  mk-grid\">\n\t\t\t\t\n<div class=\"vc_col-sm-12 wpb_column column_container  jupiter-donut- _ jupiter-donut-height-full\">\n\t<div class=\"vc_empty_space\"   style=\"height: 32px\"><span class=\"vc_empty_space_inner\"><\/span><\/div><\/div>\n\t<\/div>\n\n<div  data-mk-stretch-content=\"true\" class=\"wpb_row vc_row vc_row-fluid jupiter-donut- mk-fullwidth-false  attched-false     js-master-row  mk-grid\">\n\t\t\t\t\n<div class=\"vc_col-sm-6 wpb_column column_container  jupiter-donut- _ jupiter-donut-height-full\">\n\t\n\t<div  class=\"wpb_single_image wpb_content_element vc_align_center\">\n\t\t\n\t\t<figure class=\"wpb_wrapper vc_figure\">\n\t\t\t<div class=\"vc_single_image-wrapper   vc_box_border_grey\"><img loading=\"lazy\" decoding=\"async\" class=\"vc_single_image-img\" src=\"https:\/\/conventodasertahotel.pt\/wp-content\/uploads\/2026\/03\/news-900x1250.avif\" width=\"900\" height=\"1250\" alt=\"news\" title=\"news\" \/><\/div>\n\t\t<\/figure>\n\t<\/div>\n<\/div>\n\n<div class=\"vc_col-sm-6 wpb_column column_container  jupiter-donut- _ jupiter-donut-height-full\">\n\t\t<div class=\"vc_custom_1773013874944\">\n\n<div id=\"text-block-4\" class=\"mk-text-block  jupiter-donut-\">\n\n\t\n\t<h2>Exposi\u00e7\u00e3o de pintura<\/h2>\n<h5>Kristina Girke \u2013 Artista Pl\u00e1stica<\/h5>\n<p>LUZ DO INFINITO \u2013 No Convento da Sert\u00e3 Hotel<\/p>\n<p>Inaugura\u00e7\u00e3o: 14 Mar \u00e0s 18h00<\/p>\n<p>Artist Talk EASTERLIGHT: 04 Abr \u00e0s 17h00<\/p>\n<p>Kristina Girke \u00e9 uma viajante mundial. Ela nasceu em Halle, na antiga Alemanha Oriental. Inicialmente estudou Medicina em Berlim, antes de se dedicar \u00e0s Belas Artes, onde concluiu o mestrado na Art Academy Berlin-Wei\u00dfensee sob orienta\u00e7\u00e3o de Katharina Grosse. Posteriormente, aprofundou os seus estudos com o Master of Arts em \u201cArt in Context\u201d na Universidade de Artes de Berlim.<\/p>\n<p>A sua carreira internacional inclui in\u00fameras exposi\u00e7\u00f5es individuais, entre outras, em pa\u00edses como Alemanha, Su\u00ed\u00e7a, \u00c1ustria, B\u00e9lgica, Portugal, Coreia do Sul, Canad\u00e1 e Bol\u00edvia. Girke \u00e9 conhecida por um estilo que combina refer\u00eancias da arte cl\u00e1ssica com estrat\u00e9gias contempor\u00e2neas, criando obras multifacetadas que misturam elementos abstratos, figurativos e ornamentais. As suas telas passam por processos de desgaste e reconstru\u00e7\u00e3o, revelando um palimpsesto de tempo, mem\u00f3ria e emo\u00e7\u00f5es.<\/p>\n<p>Em obras geralmente de grande formato, aparecem figuras hist\u00f3ricas como profetas ou anjos do barroco e do rococ\u00f3, habilmente entrela\u00e7adas com uma rede de padr\u00f5es modernos, s\u00edmbolos, ornamentos orientais ou cria\u00e7\u00f5es de palavras latinas criadas alquimicamente. Todo um processo de trabalho \u00e9 incerto e leva tempo sendo que num mundo onde as imagens j\u00e1 t\u00eam tantas dificuldades, em que quase se extinguem por excesso de \u00eaxito, de prolifera\u00e7\u00e3o, olhar leva tempo e pensar leva tempo. Como dizia Wittgenstein: \u201dOnde os outros continuam, eu paro\u201d. Na obra de Kristina Girke tamb\u00e9m h\u00e1 um mundo atr\u00e1s do mundo, para os que param.<\/p>\n<p>Para Girke, a arte \u00e9 um meio de explorar a fragilidade da cultura ocidental e a complexidade das percep\u00e7\u00f5es humanas. As suas obras, frequentemente ricas em cor, textura e simbolismo, convidam o observador a olhar para mundos ocultos e a refletir sobre as dimens\u00f5es filos\u00f3ficas e po\u00e9ticas da vida. Vive e trabalha entre Portugal e Canad\u00e1, tendo recebido bolsas, pr\u00eamios e desempenhado fun\u00e7\u00f5es de docente em institui\u00e7\u00f5es como a Art Academy Berlin-Wei\u00dfensee e a NSCAD University, no Canad\u00e1.<\/p>\n<div>\n<div>\n<p><strong>Fonte:<\/strong>\u00a0<a href=\"https:\/\/galeriasete.com\/kristina-girke-o-rei-da-bruma-the-king-of-the-mist\/\" target=\"_blank\" rel=\"noopener\" data-saferedirecturl=\"https:\/\/www.google.com\/url?q=https:\/\/galeriasete.com\/kristina-girke-o-rei-da-bruma-the-king-of-the-mist\/&amp;source=gmail&amp;ust=1772386479318000&amp;usg=AOvVaw0ihJ44RTtuKkLNKXNJRc7I\">Galeria Sete<\/a><\/p>\n<\/div>\n<\/div>\n\n\t<div class=\"clearboth\"><\/div>\n<\/div>\n\n\t<\/div>\n<\/div>\n\t<\/div>","protected":false},"excerpt":{"rendered":"Exposi\u00e7\u00e3o de pintura Kristina Girke \u2013 Artista Pl\u00e1stica LUZ DO INFINITO \u2013 No Convento da Sert\u00e3 Hotel Inaugura\u00e7\u00e3o: 14 Mar \u00e0s 18h00 Artist Talk EASTERLIGHT: 04 Abr \u00e0s 17h00 Kristina Girke \u00e9 uma viajante mundial. Ela nasceu em Halle, na antiga Alemanha Oriental. Inicialmente estudou Medicina em Berlim, antes de se dedicar \u00e0s Belas Artes, [...]","protected":false},"author":1,"featured_media":0,"parent":0,"menu_order":0,"comment_status":"closed","ping_status":"closed","template":"","meta":{"footnotes":""},"class_list":["post-18324","page","type-page","status-publish","hentry"],"yoast_head":"<!-- This site is optimized with the Yoast SEO plugin v27.1.1 - https:\/\/yoast.com\/product\/yoast-seo-wordpress\/ -->\n<title>Exposi\u00e7\u00e3o - Convento da Sert\u00e3<\/title>\n<meta name=\"robots\" content=\"index, follow, max-snippet:-1, max-image-preview:large, max-video-preview:-1\" \/>\n<link rel=\"canonical\" href=\"https:\/\/conventodasertahotel.pt\/en\/exposicao\/\" \/>\n<meta property=\"og:locale\" content=\"en_US\" \/>\n<meta property=\"og:type\" content=\"article\" \/>\n<meta property=\"og:title\" content=\"Exposi\u00e7\u00e3o - Convento da Sert\u00e3\" \/>\n<meta property=\"og:url\" content=\"https:\/\/conventodasertahotel.pt\/en\/exposicao\/\" \/>\n<meta property=\"og:site_name\" content=\"Convento da Sert\u00e3\" \/>\n<meta property=\"article:publisher\" content=\"https:\/\/www.facebook.com\/conventodasertahotel\/\" \/>\n<meta property=\"article:modified_time\" content=\"2026-03-08T23:51:28+00:00\" \/>\n<meta name=\"twitter:card\" content=\"summary_large_image\" \/>\n<meta name=\"twitter:site\" content=\"@conventohotel\" \/>\n<meta name=\"twitter:label1\" content=\"Est. reading time\" \/>\n\t<meta name=\"twitter:data1\" content=\"1 minute\" \/>\n<script type=\"application\/ld+json\" class=\"yoast-schema-graph\">{\"@context\":\"https:\/\/schema.org\",\"@graph\":[{\"@type\":\"WebPage\",\"@id\":\"https:\/\/conventodasertahotel.pt\/exposicao\/\",\"url\":\"https:\/\/conventodasertahotel.pt\/exposicao\/\",\"name\":\"Exposi\u00e7\u00e3o - Convento da Sert\u00e3\",\"isPartOf\":{\"@id\":\"https:\/\/conventodasertahotel.pt\/#website\"},\"datePublished\":\"2026-02-28T15:55:38+00:00\",\"dateModified\":\"2026-03-08T23:51:28+00:00\",\"breadcrumb\":{\"@id\":\"https:\/\/conventodasertahotel.pt\/exposicao\/#breadcrumb\"},\"inLanguage\":\"en-US\",\"potentialAction\":[{\"@type\":\"ReadAction\",\"target\":[\"https:\/\/conventodasertahotel.pt\/exposicao\/\"]}]},{\"@type\":\"BreadcrumbList\",\"@id\":\"https:\/\/conventodasertahotel.pt\/exposicao\/#breadcrumb\",\"itemListElement\":[{\"@type\":\"ListItem\",\"position\":1,\"name\":\"In\u00edcio\",\"item\":\"https:\/\/conventodasertahotel.pt\/\"},{\"@type\":\"ListItem\",\"position\":2,\"name\":\"Exposi\u00e7\u00e3o\"}]},{\"@type\":\"WebSite\",\"@id\":\"https:\/\/conventodasertahotel.pt\/#website\",\"url\":\"https:\/\/conventodasertahotel.pt\/\",\"name\":\"Convento da Sert\u00e3\",\"description\":\"Hotel\",\"publisher\":{\"@id\":\"https:\/\/conventodasertahotel.pt\/#organization\"},\"potentialAction\":[{\"@type\":\"SearchAction\",\"target\":{\"@type\":\"EntryPoint\",\"urlTemplate\":\"https:\/\/conventodasertahotel.pt\/?s={search_term_string}\"},\"query-input\":{\"@type\":\"PropertyValueSpecification\",\"valueRequired\":true,\"valueName\":\"search_term_string\"}}],\"inLanguage\":\"en-US\"},{\"@type\":\"Organization\",\"@id\":\"https:\/\/conventodasertahotel.pt\/#organization\",\"name\":\"Convento da Sert\u00e3\",\"url\":\"https:\/\/conventodasertahotel.pt\/\",\"logo\":{\"@type\":\"ImageObject\",\"inLanguage\":\"en-US\",\"@id\":\"https:\/\/conventodasertahotel.pt\/#\/schema\/logo\/image\/\",\"url\":\"https:\/\/conventodasertahotel.pt\/wp-content\/uploads\/2020\/07\/logo.gif\",\"contentUrl\":\"https:\/\/conventodasertahotel.pt\/wp-content\/uploads\/2020\/07\/logo.gif\",\"width\":367,\"height\":278,\"caption\":\"Convento da Sert\u00e3\"},\"image\":{\"@id\":\"https:\/\/conventodasertahotel.pt\/#\/schema\/logo\/image\/\"},\"sameAs\":[\"https:\/\/www.facebook.com\/conventodasertahotel\/\",\"https:\/\/x.com\/conventohotel\",\"https:\/\/www.youtube.com\/channel\/UCYcOnG408eQSTawxu_pIfXg\"]}]}<\/script>\n<!-- \/ Yoast SEO plugin. -->","yoast_head_json":{"title":"Exposi\u00e7\u00e3o - Convento da Sert\u00e3","robots":{"index":"index","follow":"follow","max-snippet":"max-snippet:-1","max-image-preview":"max-image-preview:large","max-video-preview":"max-video-preview:-1"},"canonical":"https:\/\/conventodasertahotel.pt\/en\/exposicao\/","og_locale":"en_US","og_type":"article","og_title":"Exposi\u00e7\u00e3o - Convento da Sert\u00e3","og_url":"https:\/\/conventodasertahotel.pt\/en\/exposicao\/","og_site_name":"Convento da Sert\u00e3","article_publisher":"https:\/\/www.facebook.com\/conventodasertahotel\/","article_modified_time":"2026-03-08T23:51:28+00:00","twitter_card":"summary_large_image","twitter_site":"@conventohotel","twitter_misc":{"Est. reading time":"1 minute"},"schema":{"@context":"https:\/\/schema.org","@graph":[{"@type":"WebPage","@id":"https:\/\/conventodasertahotel.pt\/exposicao\/","url":"https:\/\/conventodasertahotel.pt\/exposicao\/","name":"Exposi\u00e7\u00e3o - Convento da Sert\u00e3","isPartOf":{"@id":"https:\/\/conventodasertahotel.pt\/#website"},"datePublished":"2026-02-28T15:55:38+00:00","dateModified":"2026-03-08T23:51:28+00:00","breadcrumb":{"@id":"https:\/\/conventodasertahotel.pt\/exposicao\/#breadcrumb"},"inLanguage":"en-US","potentialAction":[{"@type":"ReadAction","target":["https:\/\/conventodasertahotel.pt\/exposicao\/"]}]},{"@type":"BreadcrumbList","@id":"https:\/\/conventodasertahotel.pt\/exposicao\/#breadcrumb","itemListElement":[{"@type":"ListItem","position":1,"name":"In\u00edcio","item":"https:\/\/conventodasertahotel.pt\/"},{"@type":"ListItem","position":2,"name":"Exposi\u00e7\u00e3o"}]},{"@type":"WebSite","@id":"https:\/\/conventodasertahotel.pt\/#website","url":"https:\/\/conventodasertahotel.pt\/","name":"Convento da Sert\u00e3","description":"Hotel","publisher":{"@id":"https:\/\/conventodasertahotel.pt\/#organization"},"potentialAction":[{"@type":"SearchAction","target":{"@type":"EntryPoint","urlTemplate":"https:\/\/conventodasertahotel.pt\/?s={search_term_string}"},"query-input":{"@type":"PropertyValueSpecification","valueRequired":true,"valueName":"search_term_string"}}],"inLanguage":"en-US"},{"@type":"Organization","@id":"https:\/\/conventodasertahotel.pt\/#organization","name":"Convento da Sert\u00e3","url":"https:\/\/conventodasertahotel.pt\/","logo":{"@type":"ImageObject","inLanguage":"en-US","@id":"https:\/\/conventodasertahotel.pt\/#\/schema\/logo\/image\/","url":"https:\/\/conventodasertahotel.pt\/wp-content\/uploads\/2020\/07\/logo.gif","contentUrl":"https:\/\/conventodasertahotel.pt\/wp-content\/uploads\/2020\/07\/logo.gif","width":367,"height":278,"caption":"Convento da Sert\u00e3"},"image":{"@id":"https:\/\/conventodasertahotel.pt\/#\/schema\/logo\/image\/"},"sameAs":["https:\/\/www.facebook.com\/conventodasertahotel\/","https:\/\/x.com\/conventohotel","https:\/\/www.youtube.com\/channel\/UCYcOnG408eQSTawxu_pIfXg"]}]}},"_links":{"self":[{"href":"https:\/\/conventodasertahotel.pt\/en\/wp-json\/wp\/v2\/pages\/18324","targetHints":{"allow":["GET"]}}],"collection":[{"href":"https:\/\/conventodasertahotel.pt\/en\/wp-json\/wp\/v2\/pages"}],"about":[{"href":"https:\/\/conventodasertahotel.pt\/en\/wp-json\/wp\/v2\/types\/page"}],"author":[{"embeddable":true,"href":"https:\/\/conventodasertahotel.pt\/en\/wp-json\/wp\/v2\/users\/1"}],"replies":[{"embeddable":true,"href":"https:\/\/conventodasertahotel.pt\/en\/wp-json\/wp\/v2\/comments?post=18324"}],"version-history":[{"count":8,"href":"https:\/\/conventodasertahotel.pt\/en\/wp-json\/wp\/v2\/pages\/18324\/revisions"}],"predecessor-version":[{"id":18382,"href":"https:\/\/conventodasertahotel.pt\/en\/wp-json\/wp\/v2\/pages\/18324\/revisions\/18382"}],"wp:attachment":[{"href":"https:\/\/conventodasertahotel.pt\/en\/wp-json\/wp\/v2\/media?parent=18324"}],"curies":[{"name":"wp","href":"https:\/\/api.w.org\/{rel}","templated":true}]}}

Exposição

<div  data-mk-stretch-content="true" class="wpb_row vc_row vc_row-fluid jupiter-donut- mk-fullwidth-false  attched-false     js-master-row  mk-grid">
				
<div class="vc_col-sm-12 wpb_column column_container  jupiter-donut- _ jupiter-donut-height-full">
	<div class="vc_empty_space"   style="height: 32px"><span class="vc_empty_space_inner"></span></div></div>
	</div>

<div  data-mk-stretch-content="true" class="wpb_row vc_row vc_row-fluid jupiter-donut- mk-fullwidth-false  attched-false     js-master-row  mk-grid">
				
<div class="vc_col-sm-6 wpb_column column_container  jupiter-donut- _ jupiter-donut-height-full">
	
	<div  class="wpb_single_image wpb_content_element vc_align_center">
		
		<figure class="wpb_wrapper vc_figure">
			<div class="vc_single_image-wrapper   vc_box_border_grey"><img loading="lazy" decoding="async" class="vc_single_image-img" src="https://conventodasertahotel.pt/wp-content/uploads/2026/03/news-900x1250.avif" width="900" height="1250" alt="news" title="news" /></div>
		</figure>
	</div>
</div>

<div class="vc_col-sm-6 wpb_column column_container  jupiter-donut- _ jupiter-donut-height-full">
		<div class="vc_custom_1773013874944">

<div id="text-block-4" class="mk-text-block  jupiter-donut-">

	
	<h2>Exposição de pintura</h2>
<h5>Kristina Girke – Artista Plástica</h5>
<p>LUZ DO INFINITO – No Convento da Sertã Hotel</p>
<p>Inauguração: 14 Mar às 18h00</p>
<p>Artist Talk EASTERLIGHT: 04 Abr às 17h00</p>
<p>Kristina Girke é uma viajante mundial. Ela nasceu em Halle, na antiga Alemanha Oriental. Inicialmente estudou Medicina em Berlim, antes de se dedicar às Belas Artes, onde concluiu o mestrado na Art Academy Berlin-Weißensee sob orientação de Katharina Grosse. Posteriormente, aprofundou os seus estudos com o Master of Arts em “Art in Context” na Universidade de Artes de Berlim.</p>
<p>A sua carreira internacional inclui inúmeras exposições individuais, entre outras, em países como Alemanha, Suíça, Áustria, Bélgica, Portugal, Coreia do Sul, Canadá e Bolívia. Girke é conhecida por um estilo que combina referências da arte clássica com estratégias contemporâneas, criando obras multifacetadas que misturam elementos abstratos, figurativos e ornamentais. As suas telas passam por processos de desgaste e reconstrução, revelando um palimpsesto de tempo, memória e emoções.</p>
<p>Em obras geralmente de grande formato, aparecem figuras históricas como profetas ou anjos do barroco e do rococó, habilmente entrelaçadas com uma rede de padrões modernos, símbolos, ornamentos orientais ou criações de palavras latinas criadas alquimicamente. Todo um processo de trabalho é incerto e leva tempo sendo que num mundo onde as imagens já têm tantas dificuldades, em que quase se extinguem por excesso de êxito, de proliferação, olhar leva tempo e pensar leva tempo. Como dizia Wittgenstein: ”Onde os outros continuam, eu paro”. Na obra de Kristina Girke também há um mundo atrás do mundo, para os que param.</p>
<p>Para Girke, a arte é um meio de explorar a fragilidade da cultura ocidental e a complexidade das percepções humanas. As suas obras, frequentemente ricas em cor, textura e simbolismo, convidam o observador a olhar para mundos ocultos e a refletir sobre as dimensões filosóficas e poéticas da vida. Vive e trabalha entre Portugal e Canadá, tendo recebido bolsas, prêmios e desempenhado funções de docente em instituições como a Art Academy Berlin-Weißensee e a NSCAD University, no Canadá.</p>
<div>
<div>
<p><strong>Fonte:</strong> <a href="https://galeriasete.com/kristina-girke-o-rei-da-bruma-the-king-of-the-mist/" target="_blank" rel="noopener" data-saferedirecturl="https://www.google.com/url?q=https://galeriasete.com/kristina-girke-o-rei-da-bruma-the-king-of-the-mist/&amp;source=gmail&amp;ust=1772386479318000&amp;usg=AOvVaw0ihJ44RTtuKkLNKXNJRc7I">Galeria Sete</a></p>
</div>
</div>

	<div class="clearboth"></div>
</div>

	</div>
</div>
	</div>

Exposição de pintura Kristina Girke – Artista Plástica LUZ DO INFINITO – No Convento da Sertã Hotel Inauguração: 14 Mar às 18h00 Artist Talk EASTERLIGHT: 04 Abr às 17h00 Kristina Girke é uma viajante mundial. Ela nasceu em Halle, na antiga Alemanha Oriental. Inicialmente estudou Medicina em Berlim, antes de se dedicar às Belas Artes, [...]

<!-- This site is optimized with the Yoast SEO plugin v27.1.1 - https://yoast.com/product/yoast-seo-wordpress/ -->
<title>Exposição - Convento da Sertã</title>
<meta name="robots" content="index, follow, max-snippet:-1, max-image-preview:large, max-video-preview:-1" />
<link rel="canonical" href="https://conventodasertahotel.pt/en/exposicao/" />
<meta property="og:locale" content="en_US" />
<meta property="og:type" content="article" />
<meta property="og:title" content="Exposição - Convento da Sertã" />
<meta property="og:url" content="https://conventodasertahotel.pt/en/exposicao/" />
<meta property="og:site_name" content="Convento da Sertã" />
<meta property="article:publisher" content="https://www.facebook.com/conventodasertahotel/" />
<meta property="article:modified_time" content="2026-03-08T23:51:28+00:00" />
<meta name="twitter:card" content="summary_large_image" />
<meta name="twitter:site" content="@conventohotel" />
<meta name="twitter:label1" content="Est. reading time" />
	<meta name="twitter:data1" content="1 minute" />
<script type="application/ld+json" class="yoast-schema-graph">{"@context":"https://schema.org","@graph":[{"@type":"WebPage","@id":"https://conventodasertahotel.pt/exposicao/","url":"https://conventodasertahotel.pt/exposicao/","name":"Exposição - Convento da Sertã","isPartOf":{"@id":"https://conventodasertahotel.pt/#website"},"datePublished":"2026-02-28T15:55:38+00:00","dateModified":"2026-03-08T23:51:28+00:00","breadcrumb":{"@id":"https://conventodasertahotel.pt/exposicao/#breadcrumb"},"inLanguage":"en-US","potentialAction":[{"@type":"ReadAction","target":["https://conventodasertahotel.pt/exposicao/"]}]},{"@type":"BreadcrumbList","@id":"https://conventodasertahotel.pt/exposicao/#breadcrumb","itemListElement":[{"@type":"ListItem","position":1,"name":"Início","item":"https://conventodasertahotel.pt/"},{"@type":"ListItem","position":2,"name":"Exposição"}]},{"@type":"WebSite","@id":"https://conventodasertahotel.pt/#website","url":"https://conventodasertahotel.pt/","name":"Convento da Sertã","description":"Hotel","publisher":{"@id":"https://conventodasertahotel.pt/#organization"},"potentialAction":[{"@type":"SearchAction","target":{"@type":"EntryPoint","urlTemplate":"https://conventodasertahotel.pt/?s={search_term_string}"},"query-input":{"@type":"PropertyValueSpecification","valueRequired":true,"valueName":"search_term_string"}}],"inLanguage":"en-US"},{"@type":"Organization","@id":"https://conventodasertahotel.pt/#organization","name":"Convento da Sertã","url":"https://conventodasertahotel.pt/","logo":{"@type":"ImageObject","inLanguage":"en-US","@id":"https://conventodasertahotel.pt/#/schema/logo/image/","url":"https://conventodasertahotel.pt/wp-content/uploads/2020/07/logo.gif","contentUrl":"https://conventodasertahotel.pt/wp-content/uploads/2020/07/logo.gif","width":367,"height":278,"caption":"Convento da Sertã"},"image":{"@id":"https://conventodasertahotel.pt/#/schema/logo/image/"},"sameAs":["https://www.facebook.com/conventodasertahotel/","https://x.com/conventohotel","https://www.youtube.com/channel/UCYcOnG408eQSTawxu_pIfXg"]}]}</script>
<!-- / Yoast SEO plugin. -->

Exposição - Convento da Sertã

Convento da Sertã

Início
