{"id":15538,"date":"2022-01-27T18:04:04","date_gmt":"2022-01-27T18:04:04","guid":{"rendered":"https:\/\/conventodasertahotel.pt\/?page_id=15538"},"modified":"2026-02-28T17:38:15","modified_gmt":"2026-02-28T17:38:15","slug":"tigelada-beira","status":"publish","type":"page","link":"https:\/\/conventodasertahotel.pt\/en\/tigelada-beira\/","title":{"rendered":"Tigelada Beir\u00e3"},"content":{"rendered":"<div  data-mk-full-width=\"true\" data-mk-full-width-init=\"false\" data-mk-stretch-content=\"true\" class=\"wpb_row vc_row vc_row-fluid jupiter-donut- mk-fullwidth-true  attched-false     js-master-row  mk-full-content-true\">\n\t\t\t\t\n<div class=\"vc_col-sm-12 wpb_column column_container  jupiter-donut- _ jupiter-donut-height-full\">\n\t<div class=\"vc_empty_space\"   style=\"height: 47px\"><span class=\"vc_empty_space_inner\"><\/span><\/div><\/div>\n\t<\/div>\n<div class=\"vc_row-full-width vc_clearfix\"><\/div>\n<div  data-mk-stretch-content=\"true\" class=\"wpb_row vc_row vc_row-fluid jupiter-donut- mk-fullwidth-false  attched-false     js-master-row  mk-grid\">\n\t\t\t\t\n<div class=\"vc_col-sm-6 wpb_column column_container  jupiter-donut- _ jupiter-donut-height-full\">\n\t\n<h2 id=\"fancy-title-3\" class=\"mk-fancy-title  simple-style jupiter-donut-  color-single\">\n\t<span>\n\t\t\t\t<p style=\"font-weight: 400;\"><strong>Experi\u00eancia gastron\u00f3mica na Aldeia do Xisto de Figueira<\/strong><\/p>\n<p>Oficina da Tigelada + Visita \u00e0 Aldeia do Xisto de Figueira<br \/>\n*Se quiserem incluir visita ao Museu Isilda Martins depois do almo\u00e7o o mesmo tem um valor acrescido de 3Eur\/Pax.<\/p>\n<p>In\u00edcio da actividade: 10:30<br \/>\nPrograma:<br \/>\n\u2022 Welcome Drink (de acordo com as condi\u00e7\u00f5es metereol\u00f3gicas, limonada com hortel\u00e3 (com tempo quente) ou ch\u00e1 de hortel\u00e3 (com tempo frio), caf\u00e9 e bolos t\u00edpicos<br \/>\n\u2022 Enquadramento hist\u00f3rico, cultural e gastron\u00f3mico do projeto \u201cAldeias do Xisto\u201d<br \/>\n\u2022 Confec\u00e7\u00e3o em grupos de 2pax da Tigelada das Beiras \u2013 doce tradicional regional<br \/>\n\u2022 Coloca\u00e7\u00e3o das Tigeladas no Forno Comunit\u00e1rio da aldeia e inicia\u00e7\u00e3o \u00e0 visita<br \/>\n\u2022 A tigelada \u00e9 consumida como sobremesa no fim da refei\u00e7\u00e3o no restaurante Casa ti&#8217; Augusta e h\u00e1 lugar a prova cega elegendo a melhor.<br \/>\nNo final da experi\u00eancia, todos os participantes ter\u00e3o direito a um ca\u00e7oilo com a receita que ir\u00e1 escrita no interior e que poder\u00e3o usar na confec\u00e7\u00e3o das suas casas.<br \/>\nA recep\u00e7\u00e3o dos participantes ser\u00e1 feita por mim no \u201cAtelier da Aldeia\u201d ou noutro local a designar consoante as condi\u00e7\u00f5es meteorol\u00f3gicas.<\/p>\n<p>Menu do restaurante Casa ti&#8217;Augusta:<br \/>\nMenu Tradi\u00e7\u00e3o<br \/>\n\u2022 Prata da Casa: chouri\u00e7o de porco preto, queijo de cabra &amp; ovelha, toucinho e pasta de azeitonas com pimento vermelho<br \/>\n\u2022 Azeitonas temperadas e p\u00e3o cozido em forno a lenha<br \/>\n\u2022 \u00c1gua, Vinho Monte Barbo, Cerveja nacional, Sumo Refrigerante<br \/>\n\u2022 Prato &#8211; (a definir um entre) Maranho ou Plangaio ou Afogado<br \/>\n\u2022 Sobremesa: a tigelada confeccionada no workshop<br \/>\n\u2022 Caf\u00e9 e Medronho.<\/p>\n<p><strong>Pre\u00e7os:<\/strong><\/p>\n<ul>\n<li>Sexta, S\u00e1bado e Domingo m\u00ednimo 4 pessoas | De Segunda a Quinta m\u00ednimo 6 pessoas<\/li>\n<li>Duas noites de alojamento em quarto duplo + experi\u00eancia gastron\u00f3mica na Aldeia do Xisto de Figueira = \u20ac140 por pessoa em quarto duplo com pequeno almo\u00e7o<\/li>\n<\/ul>\n<p style=\"font-weight: 400;\">Cliente viaja em viatura pr\u00f3pria.<\/p>\n\t\t\t<\/span>\n<\/h2>\n<div class=\"clearboth\"><\/div>\n\n\n\n\t<div class=\"vc_custom_1643117758215\">\n\n<div id=\"text-block-4\" class=\"mk-text-block  jupiter-donut-\">\n\n\t\n\t<p>Este programa pode ser alterado sem aviso pr\u00e9vio. Iva inclu\u00eddo \u00e0 taxa legal<br \/>\nFor more information: (00 351) 274 608 493 |\u00a0<a href=\"mailto:geral@conventodasertahotel.pt\">geral@conventodasertahotel.pt<\/a><\/p>\n\n\t<div class=\"clearboth\"><\/div>\n<\/div>\n\n\t<\/div>\n<\/div>\n\n<div class=\"vc_col-sm-6 wpb_column column_container  jupiter-donut- _ jupiter-donut-height-full\">\n\t\n\t<div  class=\"wpb_single_image wpb_content_element vc_align_left\">\n\t\t\n\t\t<figure class=\"wpb_wrapper vc_figure\">\n\t\t\t<div class=\"vc_single_image-wrapper   vc_box_border_grey\"><img loading=\"lazy\" decoding=\"async\" width=\"810\" height=\"541\" src=\"https:\/\/conventodasertahotel.pt\/wp-content\/uploads\/2023\/02\/fa2423bd-b1fa-46e0-ab74-b6d801dad7e0.webp\" class=\"vc_single_image-img attachment-full\" alt=\"\" srcset=\"https:\/\/conventodasertahotel.pt\/wp-content\/uploads\/2023\/02\/fa2423bd-b1fa-46e0-ab74-b6d801dad7e0.webp 810w, https:\/\/conventodasertahotel.pt\/wp-content\/uploads\/2023\/02\/fa2423bd-b1fa-46e0-ab74-b6d801dad7e0-300x200.webp 300w, https:\/\/conventodasertahotel.pt\/wp-content\/uploads\/2023\/02\/fa2423bd-b1fa-46e0-ab74-b6d801dad7e0-768x513.webp 768w, https:\/\/conventodasertahotel.pt\/wp-content\/uploads\/2023\/02\/fa2423bd-b1fa-46e0-ab74-b6d801dad7e0-18x12.webp 18w\" sizes=\"auto, (max-width: 810px) 100vw, 810px\" itemprop=\"image\" \/><\/div>\n\t\t<\/figure>\n\t<\/div>\n<\/div>\n\t<\/div>","protected":false},"excerpt":{"rendered":"Experi\u00eancia gastron\u00f3mica na Aldeia do Xisto de Figueira Oficina da Tigelada + Visita \u00e0 Aldeia do Xisto de Figueira *Se quiserem incluir visita ao Museu Isilda Martins depois do almo\u00e7o o mesmo tem um valor acrescido de 3Eur\/Pax. In\u00edcio da actividade: 10:30 Programa: \u2022 Welcome Drink (de acordo com as condi\u00e7\u00f5es metereol\u00f3gicas, limonada com hortel\u00e3 [...]","protected":false},"author":1,"featured_media":0,"parent":0,"menu_order":0,"comment_status":"closed","ping_status":"closed","template":"","meta":{"footnotes":""},"class_list":["post-15538","page","type-page","status-publish","hentry"],"yoast_head":"<!-- This site is optimized with the Yoast SEO plugin v27.1.1 - https:\/\/yoast.com\/product\/yoast-seo-wordpress\/ -->\n<title>Tigelada Beir\u00e3 - Convento da Sert\u00e3<\/title>\n<meta name=\"robots\" content=\"index, follow, max-snippet:-1, max-image-preview:large, max-video-preview:-1\" \/>\n<link rel=\"canonical\" href=\"https:\/\/conventodasertahotel.pt\/en\/tigelada-beira\/\" \/>\n<meta property=\"og:locale\" content=\"en_US\" \/>\n<meta property=\"og:type\" content=\"article\" \/>\n<meta property=\"og:title\" content=\"Tigelada Beir\u00e3 - Convento da Sert\u00e3\" \/>\n<meta property=\"og:url\" content=\"https:\/\/conventodasertahotel.pt\/en\/tigelada-beira\/\" \/>\n<meta property=\"og:site_name\" content=\"Convento da Sert\u00e3\" \/>\n<meta property=\"article:publisher\" content=\"https:\/\/www.facebook.com\/conventodasertahotel\/\" \/>\n<meta property=\"article:modified_time\" content=\"2026-02-28T17:38:15+00:00\" \/>\n<meta name=\"twitter:card\" content=\"summary_large_image\" \/>\n<meta name=\"twitter:site\" content=\"@conventohotel\" \/>\n<meta name=\"twitter:label1\" content=\"Est. reading time\" \/>\n\t<meta name=\"twitter:data1\" content=\"2 minutes\" \/>\n<script type=\"application\/ld+json\" class=\"yoast-schema-graph\">{\"@context\":\"https:\/\/schema.org\",\"@graph\":[{\"@type\":\"WebPage\",\"@id\":\"https:\/\/conventodasertahotel.pt\/tigelada-beira\/\",\"url\":\"https:\/\/conventodasertahotel.pt\/tigelada-beira\/\",\"name\":\"Tigelada Beir\u00e3 - Convento da Sert\u00e3\",\"isPartOf\":{\"@id\":\"https:\/\/conventodasertahotel.pt\/#website\"},\"datePublished\":\"2022-01-27T18:04:04+00:00\",\"dateModified\":\"2026-02-28T17:38:15+00:00\",\"breadcrumb\":{\"@id\":\"https:\/\/conventodasertahotel.pt\/tigelada-beira\/#breadcrumb\"},\"inLanguage\":\"en-US\",\"potentialAction\":[{\"@type\":\"ReadAction\",\"target\":[\"https:\/\/conventodasertahotel.pt\/tigelada-beira\/\"]}]},{\"@type\":\"BreadcrumbList\",\"@id\":\"https:\/\/conventodasertahotel.pt\/tigelada-beira\/#breadcrumb\",\"itemListElement\":[{\"@type\":\"ListItem\",\"position\":1,\"name\":\"In\u00edcio\",\"item\":\"https:\/\/conventodasertahotel.pt\/\"},{\"@type\":\"ListItem\",\"position\":2,\"name\":\"Tigelada Beir\u00e3\"}]},{\"@type\":\"WebSite\",\"@id\":\"https:\/\/conventodasertahotel.pt\/#website\",\"url\":\"https:\/\/conventodasertahotel.pt\/\",\"name\":\"Convento da Sert\u00e3\",\"description\":\"Hotel\",\"publisher\":{\"@id\":\"https:\/\/conventodasertahotel.pt\/#organization\"},\"potentialAction\":[{\"@type\":\"SearchAction\",\"target\":{\"@type\":\"EntryPoint\",\"urlTemplate\":\"https:\/\/conventodasertahotel.pt\/?s={search_term_string}\"},\"query-input\":{\"@type\":\"PropertyValueSpecification\",\"valueRequired\":true,\"valueName\":\"search_term_string\"}}],\"inLanguage\":\"en-US\"},{\"@type\":\"Organization\",\"@id\":\"https:\/\/conventodasertahotel.pt\/#organization\",\"name\":\"Convento da Sert\u00e3\",\"url\":\"https:\/\/conventodasertahotel.pt\/\",\"logo\":{\"@type\":\"ImageObject\",\"inLanguage\":\"en-US\",\"@id\":\"https:\/\/conventodasertahotel.pt\/#\/schema\/logo\/image\/\",\"url\":\"https:\/\/conventodasertahotel.pt\/wp-content\/uploads\/2020\/07\/logo.gif\",\"contentUrl\":\"https:\/\/conventodasertahotel.pt\/wp-content\/uploads\/2020\/07\/logo.gif\",\"width\":367,\"height\":278,\"caption\":\"Convento da Sert\u00e3\"},\"image\":{\"@id\":\"https:\/\/conventodasertahotel.pt\/#\/schema\/logo\/image\/\"},\"sameAs\":[\"https:\/\/www.facebook.com\/conventodasertahotel\/\",\"https:\/\/x.com\/conventohotel\",\"https:\/\/www.youtube.com\/channel\/UCYcOnG408eQSTawxu_pIfXg\"]}]}<\/script>\n<!-- \/ Yoast SEO plugin. -->","yoast_head_json":{"title":"Tigelada Beir\u00e3 - Convento da Sert\u00e3","robots":{"index":"index","follow":"follow","max-snippet":"max-snippet:-1","max-image-preview":"max-image-preview:large","max-video-preview":"max-video-preview:-1"},"canonical":"https:\/\/conventodasertahotel.pt\/en\/tigelada-beira\/","og_locale":"en_US","og_type":"article","og_title":"Tigelada Beir\u00e3 - Convento da Sert\u00e3","og_url":"https:\/\/conventodasertahotel.pt\/en\/tigelada-beira\/","og_site_name":"Convento da Sert\u00e3","article_publisher":"https:\/\/www.facebook.com\/conventodasertahotel\/","article_modified_time":"2026-02-28T17:38:15+00:00","twitter_card":"summary_large_image","twitter_site":"@conventohotel","twitter_misc":{"Est. reading time":"2 minutes"},"schema":{"@context":"https:\/\/schema.org","@graph":[{"@type":"WebPage","@id":"https:\/\/conventodasertahotel.pt\/tigelada-beira\/","url":"https:\/\/conventodasertahotel.pt\/tigelada-beira\/","name":"Tigelada Beir\u00e3 - Convento da Sert\u00e3","isPartOf":{"@id":"https:\/\/conventodasertahotel.pt\/#website"},"datePublished":"2022-01-27T18:04:04+00:00","dateModified":"2026-02-28T17:38:15+00:00","breadcrumb":{"@id":"https:\/\/conventodasertahotel.pt\/tigelada-beira\/#breadcrumb"},"inLanguage":"en-US","potentialAction":[{"@type":"ReadAction","target":["https:\/\/conventodasertahotel.pt\/tigelada-beira\/"]}]},{"@type":"BreadcrumbList","@id":"https:\/\/conventodasertahotel.pt\/tigelada-beira\/#breadcrumb","itemListElement":[{"@type":"ListItem","position":1,"name":"In\u00edcio","item":"https:\/\/conventodasertahotel.pt\/"},{"@type":"ListItem","position":2,"name":"Tigelada Beir\u00e3"}]},{"@type":"WebSite","@id":"https:\/\/conventodasertahotel.pt\/#website","url":"https:\/\/conventodasertahotel.pt\/","name":"Convento da Sert\u00e3","description":"Hotel","publisher":{"@id":"https:\/\/conventodasertahotel.pt\/#organization"},"potentialAction":[{"@type":"SearchAction","target":{"@type":"EntryPoint","urlTemplate":"https:\/\/conventodasertahotel.pt\/?s={search_term_string}"},"query-input":{"@type":"PropertyValueSpecification","valueRequired":true,"valueName":"search_term_string"}}],"inLanguage":"en-US"},{"@type":"Organization","@id":"https:\/\/conventodasertahotel.pt\/#organization","name":"Convento da Sert\u00e3","url":"https:\/\/conventodasertahotel.pt\/","logo":{"@type":"ImageObject","inLanguage":"en-US","@id":"https:\/\/conventodasertahotel.pt\/#\/schema\/logo\/image\/","url":"https:\/\/conventodasertahotel.pt\/wp-content\/uploads\/2020\/07\/logo.gif","contentUrl":"https:\/\/conventodasertahotel.pt\/wp-content\/uploads\/2020\/07\/logo.gif","width":367,"height":278,"caption":"Convento da Sert\u00e3"},"image":{"@id":"https:\/\/conventodasertahotel.pt\/#\/schema\/logo\/image\/"},"sameAs":["https:\/\/www.facebook.com\/conventodasertahotel\/","https:\/\/x.com\/conventohotel","https:\/\/www.youtube.com\/channel\/UCYcOnG408eQSTawxu_pIfXg"]}]}},"_links":{"self":[{"href":"https:\/\/conventodasertahotel.pt\/en\/wp-json\/wp\/v2\/pages\/15538","targetHints":{"allow":["GET"]}}],"collection":[{"href":"https:\/\/conventodasertahotel.pt\/en\/wp-json\/wp\/v2\/pages"}],"about":[{"href":"https:\/\/conventodasertahotel.pt\/en\/wp-json\/wp\/v2\/types\/page"}],"author":[{"embeddable":true,"href":"https:\/\/conventodasertahotel.pt\/en\/wp-json\/wp\/v2\/users\/1"}],"replies":[{"embeddable":true,"href":"https:\/\/conventodasertahotel.pt\/en\/wp-json\/wp\/v2\/comments?post=15538"}],"version-history":[{"count":2,"href":"https:\/\/conventodasertahotel.pt\/en\/wp-json\/wp\/v2\/pages\/15538\/revisions"}],"predecessor-version":[{"id":18330,"href":"https:\/\/conventodasertahotel.pt\/en\/wp-json\/wp\/v2\/pages\/15538\/revisions\/18330"}],"wp:attachment":[{"href":"https:\/\/conventodasertahotel.pt\/en\/wp-json\/wp\/v2\/media?parent=15538"}],"curies":[{"name":"wp","href":"https:\/\/api.w.org\/{rel}","templated":true}]}}

Tigelada Beirã

<div  data-mk-full-width="true" data-mk-full-width-init="false" data-mk-stretch-content="true" class="wpb_row vc_row vc_row-fluid jupiter-donut- mk-fullwidth-true  attched-false     js-master-row  mk-full-content-true">
				
<div class="vc_col-sm-12 wpb_column column_container  jupiter-donut- _ jupiter-donut-height-full">
	<div class="vc_empty_space"   style="height: 47px"><span class="vc_empty_space_inner"></span></div></div>
	</div>
<div class="vc_row-full-width vc_clearfix"></div>
<div  data-mk-stretch-content="true" class="wpb_row vc_row vc_row-fluid jupiter-donut- mk-fullwidth-false  attched-false     js-master-row  mk-grid">
				
<div class="vc_col-sm-6 wpb_column column_container  jupiter-donut- _ jupiter-donut-height-full">
	
<h2 id="fancy-title-3" class="mk-fancy-title  simple-style jupiter-donut-  color-single">
	<span>
				<p style="font-weight: 400;"><strong>Experiência gastronómica na Aldeia do Xisto de Figueira</strong></p>
<p>Oficina da Tigelada + Visita à Aldeia do Xisto de Figueira<br />
*Se quiserem incluir visita ao Museu Isilda Martins depois do almoço o mesmo tem um valor acrescido de 3Eur/Pax.</p>
<p>Início da actividade: 10:30<br />
Programa:<br />
• Welcome Drink (de acordo com as condições metereológicas, limonada com hortelã (com tempo quente) ou chá de hortelã (com tempo frio), café e bolos típicos<br />
• Enquadramento histórico, cultural e gastronómico do projeto “Aldeias do Xisto”<br />
• Confecção em grupos de 2pax da Tigelada das Beiras – doce tradicional regional<br />
• Colocação das Tigeladas no Forno Comunitário da aldeia e iniciação à visita<br />
• A tigelada é consumida como sobremesa no fim da refeição no restaurante Casa ti&#8217; Augusta e há lugar a prova cega elegendo a melhor.<br />
No final da experiência, todos os participantes terão direito a um caçoilo com a receita que irá escrita no interior e que poderão usar na confecção das suas casas.<br />
A recepção dos participantes será feita por mim no “Atelier da Aldeia” ou noutro local a designar consoante as condições meteorológicas.</p>
<p>Menu do restaurante Casa ti&#8217;Augusta:<br />
Menu Tradição<br />
• Prata da Casa: chouriço de porco preto, queijo de cabra &amp; ovelha, toucinho e pasta de azeitonas com pimento vermelho<br />
• Azeitonas temperadas e pão cozido em forno a lenha<br />
• Água, Vinho Monte Barbo, Cerveja nacional, Sumo Refrigerante<br />
• Prato &#8211; (a definir um entre) Maranho ou Plangaio ou Afogado<br />
• Sobremesa: a tigelada confeccionada no workshop<br />
• Café e Medronho.</p>
<p><strong>Preços:</strong></p>
<ul>
<li>Sexta, Sábado e Domingo mínimo 4 pessoas | De Segunda a Quinta mínimo 6 pessoas</li>
<li>Duas noites de alojamento em quarto duplo + experiência gastronómica na Aldeia do Xisto de Figueira = €140 por pessoa em quarto duplo com pequeno almoço</li>
</ul>
<p style="font-weight: 400;">Cliente viaja em viatura própria.</p>
			</span>
</h2>
<div class="clearboth"></div>



	<div class="vc_custom_1643117758215">

<div id="text-block-4" class="mk-text-block  jupiter-donut-">

	
	<p>Este programa pode ser alterado sem aviso prévio. Iva incluído à taxa legal<br />
For more information: (00 351) 274 608 493 | <a href="mailto:geral@conventodasertahotel.pt">geral@conventodasertahotel.pt</a></p>

	<div class="clearboth"></div>
</div>

	</div>
</div>

<div class="vc_col-sm-6 wpb_column column_container  jupiter-donut- _ jupiter-donut-height-full">
	
	<div  class="wpb_single_image wpb_content_element vc_align_left">
		
		<figure class="wpb_wrapper vc_figure">
			<div class="vc_single_image-wrapper   vc_box_border_grey"><img loading="lazy" decoding="async" width="810" height="541" src="https://conventodasertahotel.pt/wp-content/uploads/2023/02/fa2423bd-b1fa-46e0-ab74-b6d801dad7e0.webp" class="vc_single_image-img attachment-full" alt="" srcset="https://conventodasertahotel.pt/wp-content/uploads/2023/02/fa2423bd-b1fa-46e0-ab74-b6d801dad7e0.webp 810w, https://conventodasertahotel.pt/wp-content/uploads/2023/02/fa2423bd-b1fa-46e0-ab74-b6d801dad7e0-300x200.webp 300w, https://conventodasertahotel.pt/wp-content/uploads/2023/02/fa2423bd-b1fa-46e0-ab74-b6d801dad7e0-768x513.webp 768w, https://conventodasertahotel.pt/wp-content/uploads/2023/02/fa2423bd-b1fa-46e0-ab74-b6d801dad7e0-18x12.webp 18w" sizes="auto, (max-width: 810px) 100vw, 810px" itemprop="image" /></div>
		</figure>
	</div>
</div>
	</div>

Experiência gastronómica na Aldeia do Xisto de Figueira Oficina da Tigelada + Visita à Aldeia do Xisto de Figueira *Se quiserem incluir visita ao Museu Isilda Martins depois do almoço o mesmo tem um valor acrescido de 3Eur/Pax. Início da actividade: 10:30 Programa: • Welcome Drink (de acordo com as condições metereológicas, limonada com hortelã [...]

<!-- This site is optimized with the Yoast SEO plugin v27.1.1 - https://yoast.com/product/yoast-seo-wordpress/ -->
<title>Tigelada Beirã - Convento da Sertã</title>
<meta name="robots" content="index, follow, max-snippet:-1, max-image-preview:large, max-video-preview:-1" />
<link rel="canonical" href="https://conventodasertahotel.pt/en/tigelada-beira/" />
<meta property="og:locale" content="en_US" />
<meta property="og:type" content="article" />
<meta property="og:title" content="Tigelada Beirã - Convento da Sertã" />
<meta property="og:url" content="https://conventodasertahotel.pt/en/tigelada-beira/" />
<meta property="og:site_name" content="Convento da Sertã" />
<meta property="article:publisher" content="https://www.facebook.com/conventodasertahotel/" />
<meta property="article:modified_time" content="2026-02-28T17:38:15+00:00" />
<meta name="twitter:card" content="summary_large_image" />
<meta name="twitter:site" content="@conventohotel" />
<meta name="twitter:label1" content="Est. reading time" />
	<meta name="twitter:data1" content="2 minutes" />
<script type="application/ld+json" class="yoast-schema-graph">{"@context":"https://schema.org","@graph":[{"@type":"WebPage","@id":"https://conventodasertahotel.pt/tigelada-beira/","url":"https://conventodasertahotel.pt/tigelada-beira/","name":"Tigelada Beirã - Convento da Sertã","isPartOf":{"@id":"https://conventodasertahotel.pt/#website"},"datePublished":"2022-01-27T18:04:04+00:00","dateModified":"2026-02-28T17:38:15+00:00","breadcrumb":{"@id":"https://conventodasertahotel.pt/tigelada-beira/#breadcrumb"},"inLanguage":"en-US","potentialAction":[{"@type":"ReadAction","target":["https://conventodasertahotel.pt/tigelada-beira/"]}]},{"@type":"BreadcrumbList","@id":"https://conventodasertahotel.pt/tigelada-beira/#breadcrumb","itemListElement":[{"@type":"ListItem","position":1,"name":"Início","item":"https://conventodasertahotel.pt/"},{"@type":"ListItem","position":2,"name":"Tigelada Beirã"}]},{"@type":"WebSite","@id":"https://conventodasertahotel.pt/#website","url":"https://conventodasertahotel.pt/","name":"Convento da Sertã","description":"Hotel","publisher":{"@id":"https://conventodasertahotel.pt/#organization"},"potentialAction":[{"@type":"SearchAction","target":{"@type":"EntryPoint","urlTemplate":"https://conventodasertahotel.pt/?s={search_term_string}"},"query-input":{"@type":"PropertyValueSpecification","valueRequired":true,"valueName":"search_term_string"}}],"inLanguage":"en-US"},{"@type":"Organization","@id":"https://conventodasertahotel.pt/#organization","name":"Convento da Sertã","url":"https://conventodasertahotel.pt/","logo":{"@type":"ImageObject","inLanguage":"en-US","@id":"https://conventodasertahotel.pt/#/schema/logo/image/","url":"https://conventodasertahotel.pt/wp-content/uploads/2020/07/logo.gif","contentUrl":"https://conventodasertahotel.pt/wp-content/uploads/2020/07/logo.gif","width":367,"height":278,"caption":"Convento da Sertã"},"image":{"@id":"https://conventodasertahotel.pt/#/schema/logo/image/"},"sameAs":["https://www.facebook.com/conventodasertahotel/","https://x.com/conventohotel","https://www.youtube.com/channel/UCYcOnG408eQSTawxu_pIfXg"]}]}</script>
<!-- / Yoast SEO plugin. -->

Tigelada Beirã - Convento da Sertã

Convento da Sertã

Início
