{"id":14652,"date":"2020-10-09T14:09:11","date_gmt":"2020-10-09T14:09:11","guid":{"rendered":"https:\/\/conventodasertahotel.pt\/?page_id=14652"},"modified":"2023-05-11T10:36:33","modified_gmt":"2023-05-11T10:36:33","slug":"quando-os-frades-pediram-armas-ao-rei","status":"publish","type":"page","link":"https:\/\/conventodasertahotel.pt\/en\/quando-os-frades-pediram-armas-ao-rei\/","title":{"rendered":"Quando os frades pediram armas ao rei"},"content":{"rendered":"<div  data-mk-full-width=\"true\" data-mk-full-width-init=\"false\" class=\"wpb_row vc_row vc_row-fluid jupiter-donut- mk-fullwidth-true  attched-false     js-master-row\">\n\t\t\t<div class=\"mk-grid\">\n\t\t\t\t\n<div class=\"vc_col-sm-12 wpb_column column_container  jupiter-donut- _ jupiter-donut-height-full\">\n\t<div class=\"vc_empty_space\"   style=\"height: 58px\"><span class=\"vc_empty_space_inner\"><\/span><\/div>\n<h2 id=\"fancy-title-2\" class=\"mk-fancy-title  simple-style jupiter-donut-  color-single\">\n\t<span>\n\t\t\t\t<p>Quando os frades pediram armas ao rei<\/p>\n\t\t\t<\/span>\n<\/h2>\n<div class=\"clearboth\"><\/div>\n\n\n\n<\/div>\n\t\t\t<\/div>\n\t<\/div>\n<div class=\"vc_row-full-width vc_clearfix\"><\/div>\n<div  data-mk-full-width=\"true\" data-mk-full-width-init=\"false\" class=\"wpb_row vc_row vc_row-fluid jupiter-donut- mk-fullwidth-true  attched-false     js-master-row\">\n\t\t\t<div class=\"mk-grid\">\n\t\t\t\t\n<div class=\"vc_col-sm-2 wpb_column column_container  jupiter-donut- _ jupiter-donut-height-full\">\n\t<\/div>\n\n<div class=\"vc_col-sm-8 wpb_column column_container  jupiter-donut- _ jupiter-donut-height-full\">\n\t\n<h2 id=\"fancy-title-5\" class=\"mk-fancy-title  simple-style jupiter-donut-  color-single\">\n\t<span>\n\t\t\t\t<p>Quando os frades pediram armas ao rei para defender a Ponte Filipina da Sert\u00e3. Os franceses<br \/>\ntentaram, por tr\u00eas vezes, invadir Portugal no in\u00edcio do s\u00e9culo XIX.<\/p>\n\t\t\t<\/span>\n<\/h2>\n<div class=\"clearboth\"><\/div>\n\n\n\n<div class=\"vc_empty_space\"   style=\"height: 13px\"><span class=\"vc_empty_space_inner\"><\/span><\/div>\n\t<div  class=\"wpb_single_image wpb_content_element vc_align_center\">\n\t\t\n\t\t<figure class=\"wpb_wrapper vc_figure\">\n\t\t\t<div class=\"vc_single_image-wrapper   vc_box_border_grey\"><img loading=\"lazy\" decoding=\"async\" width=\"980\" height=\"408\" src=\"https:\/\/conventodasertahotel.pt\/wp-content\/uploads\/2020\/10\/72bc116e-f21e-4caa-e805-ef853b2b40e1.jpg\" class=\"vc_single_image-img attachment-full\" alt=\"Convento da Sert\u00e3 Hotel - Ponte Filipina\" srcset=\"https:\/\/conventodasertahotel.pt\/wp-content\/uploads\/2020\/10\/72bc116e-f21e-4caa-e805-ef853b2b40e1.jpg 980w, https:\/\/conventodasertahotel.pt\/wp-content\/uploads\/2020\/10\/72bc116e-f21e-4caa-e805-ef853b2b40e1-300x125.jpg 300w, https:\/\/conventodasertahotel.pt\/wp-content\/uploads\/2020\/10\/72bc116e-f21e-4caa-e805-ef853b2b40e1-768x320.jpg 768w\" sizes=\"auto, (max-width: 980px) 100vw, 980px\" itemprop=\"image\" \/><\/div>\n\t\t<\/figure>\n\t<\/div>\n<div class=\"vc_empty_space\"   style=\"height: 13px\"><span class=\"vc_empty_space_inner\"><\/span><\/div>\n<h2 id=\"fancy-title-6\" class=\"mk-fancy-title  simple-style jupiter-donut-  color-single\">\n\t<span>\n\t\t\t\t<p style=\"text-align: justify;\">Os franceses tentaram, por tr\u00eas vezes, invadir Portugal no in\u00edcio do s\u00e9culo XIX. Napole\u00e3o Bonaparte enviou os seus melhores generais para alcan\u00e7ar tal objectivo, mas as investidas n\u00e3o produziram os resultados desejados. Estas invas\u00f5es permanecem na mem\u00f3ria colectiva do nosso povo. S\u00e3o muitas as hist\u00f3rias de coragem que se contam e uma delas envolve os frades do nosso Convento de Santo Ant\u00f3nio (Actual Convento da Sert\u00e3 Hotel). Tudo aconteceu em 1810, quando os franceses tentaram invadir o pa\u00eds pela terceira vez. Os frades do convento, liderados por Frei Ant\u00f3nio de Santa B\u00e1rbara, escreveram \u00e0 Coroa, oferecendo a sua ajuda para a defesa de uma ponte, que se encontrava pr\u00f3xima do convento (a ponte filipina), dos ataques das tropas de Napole\u00e3o Bonaparte. A carta, cujo original se encontra no Arquivo Hist\u00f3rico Militar, narrava que os religiosos, \u201ctodos ainda mo\u00e7os\u201d, desejando \u201cmostrar o seu patriotismo\u201d, recorrem a \u201csua Alteza Real para que lhes mande dar treze espingardas, baionetas, tra\u00e7ados, e as muni\u00e7\u00f5es necess\u00e1rias para defender aquella ponte, por ser a mais importante da villa\u201d. O rei n\u00e3o correspondeu \u00e0 solicita\u00e7\u00e3o, temendo provavelmente pela seguran\u00e7a dos religiosos. Por\u00e9m, o gesto destes frades foi elogiado pela popula\u00e7\u00e3o local.<\/p>\n\t\t\t<\/span>\n<\/h2>\n<div class=\"clearboth\"><\/div>\n\n\n\n<div class=\"vc_empty_space\"   style=\"height: 13px\"><span class=\"vc_empty_space_inner\"><\/span><\/div><\/div>\n\n<div class=\"vc_col-sm-2 wpb_column column_container  jupiter-donut- _ jupiter-donut-height-full\">\n\t<\/div>\n\t\t\t<\/div>\n\t<\/div>\n<div class=\"vc_row-full-width vc_clearfix\"><\/div>","protected":false},"excerpt":{"rendered":"Quando os frades pediram armas ao rei Quando os frades pediram armas ao rei para defender a Ponte Filipina da Sert\u00e3. Os franceses tentaram, por tr\u00eas vezes, invadir Portugal no in\u00edcio do s\u00e9culo XIX. Os franceses tentaram, por tr\u00eas vezes, invadir Portugal no in\u00edcio do s\u00e9culo XIX. Napole\u00e3o Bonaparte enviou os seus melhores generais para [...]","protected":false},"author":1,"featured_media":0,"parent":0,"menu_order":0,"comment_status":"closed","ping_status":"closed","template":"","meta":{"footnotes":""},"class_list":["post-14652","page","type-page","status-publish","hentry"],"yoast_head":"<!-- This site is optimized with the Yoast SEO plugin v27.1.1 - https:\/\/yoast.com\/product\/yoast-seo-wordpress\/ -->\n<title>Quando os frades pediram armas ao rei - Convento da Sert\u00e3<\/title>\n<meta name=\"robots\" content=\"index, follow, max-snippet:-1, max-image-preview:large, max-video-preview:-1\" \/>\n<link rel=\"canonical\" href=\"https:\/\/conventodasertahotel.pt\/en\/quando-os-frades-pediram-armas-ao-rei\/\" \/>\n<meta property=\"og:locale\" content=\"en_US\" \/>\n<meta property=\"og:type\" content=\"article\" \/>\n<meta property=\"og:title\" content=\"Quando os frades pediram armas ao rei - Convento da Sert\u00e3\" \/>\n<meta property=\"og:url\" content=\"https:\/\/conventodasertahotel.pt\/en\/quando-os-frades-pediram-armas-ao-rei\/\" \/>\n<meta property=\"og:site_name\" content=\"Convento da Sert\u00e3\" \/>\n<meta property=\"article:publisher\" content=\"https:\/\/www.facebook.com\/conventodasertahotel\/\" \/>\n<meta property=\"article:modified_time\" content=\"2023-05-11T10:36:33+00:00\" \/>\n<meta name=\"twitter:card\" content=\"summary_large_image\" \/>\n<meta name=\"twitter:site\" content=\"@conventohotel\" \/>\n<meta name=\"twitter:label1\" content=\"Est. reading time\" \/>\n\t<meta name=\"twitter:data1\" content=\"2 minutes\" \/>\n<script type=\"application\/ld+json\" class=\"yoast-schema-graph\">{\"@context\":\"https:\/\/schema.org\",\"@graph\":[{\"@type\":\"WebPage\",\"@id\":\"https:\/\/conventodasertahotel.pt\/quando-os-frades-pediram-armas-ao-rei\/\",\"url\":\"https:\/\/conventodasertahotel.pt\/quando-os-frades-pediram-armas-ao-rei\/\",\"name\":\"Quando os frades pediram armas ao rei - Convento da Sert\u00e3\",\"isPartOf\":{\"@id\":\"https:\/\/conventodasertahotel.pt\/#website\"},\"datePublished\":\"2020-10-09T14:09:11+00:00\",\"dateModified\":\"2023-05-11T10:36:33+00:00\",\"breadcrumb\":{\"@id\":\"https:\/\/conventodasertahotel.pt\/quando-os-frades-pediram-armas-ao-rei\/#breadcrumb\"},\"inLanguage\":\"en-US\",\"potentialAction\":[{\"@type\":\"ReadAction\",\"target\":[\"https:\/\/conventodasertahotel.pt\/quando-os-frades-pediram-armas-ao-rei\/\"]}]},{\"@type\":\"BreadcrumbList\",\"@id\":\"https:\/\/conventodasertahotel.pt\/quando-os-frades-pediram-armas-ao-rei\/#breadcrumb\",\"itemListElement\":[{\"@type\":\"ListItem\",\"position\":1,\"name\":\"In\u00edcio\",\"item\":\"https:\/\/conventodasertahotel.pt\/\"},{\"@type\":\"ListItem\",\"position\":2,\"name\":\"Quando os frades pediram armas ao rei\"}]},{\"@type\":\"WebSite\",\"@id\":\"https:\/\/conventodasertahotel.pt\/#website\",\"url\":\"https:\/\/conventodasertahotel.pt\/\",\"name\":\"Convento da Sert\u00e3\",\"description\":\"Hotel\",\"publisher\":{\"@id\":\"https:\/\/conventodasertahotel.pt\/#organization\"},\"potentialAction\":[{\"@type\":\"SearchAction\",\"target\":{\"@type\":\"EntryPoint\",\"urlTemplate\":\"https:\/\/conventodasertahotel.pt\/?s={search_term_string}\"},\"query-input\":{\"@type\":\"PropertyValueSpecification\",\"valueRequired\":true,\"valueName\":\"search_term_string\"}}],\"inLanguage\":\"en-US\"},{\"@type\":\"Organization\",\"@id\":\"https:\/\/conventodasertahotel.pt\/#organization\",\"name\":\"Convento da Sert\u00e3\",\"url\":\"https:\/\/conventodasertahotel.pt\/\",\"logo\":{\"@type\":\"ImageObject\",\"inLanguage\":\"en-US\",\"@id\":\"https:\/\/conventodasertahotel.pt\/#\/schema\/logo\/image\/\",\"url\":\"https:\/\/conventodasertahotel.pt\/wp-content\/uploads\/2020\/07\/logo.gif\",\"contentUrl\":\"https:\/\/conventodasertahotel.pt\/wp-content\/uploads\/2020\/07\/logo.gif\",\"width\":367,\"height\":278,\"caption\":\"Convento da Sert\u00e3\"},\"image\":{\"@id\":\"https:\/\/conventodasertahotel.pt\/#\/schema\/logo\/image\/\"},\"sameAs\":[\"https:\/\/www.facebook.com\/conventodasertahotel\/\",\"https:\/\/x.com\/conventohotel\",\"https:\/\/www.youtube.com\/channel\/UCYcOnG408eQSTawxu_pIfXg\"]}]}<\/script>\n<!-- \/ Yoast SEO plugin. -->","yoast_head_json":{"title":"Quando os frades pediram armas ao rei - Convento da Sert\u00e3","robots":{"index":"index","follow":"follow","max-snippet":"max-snippet:-1","max-image-preview":"max-image-preview:large","max-video-preview":"max-video-preview:-1"},"canonical":"https:\/\/conventodasertahotel.pt\/en\/quando-os-frades-pediram-armas-ao-rei\/","og_locale":"en_US","og_type":"article","og_title":"Quando os frades pediram armas ao rei - Convento da Sert\u00e3","og_url":"https:\/\/conventodasertahotel.pt\/en\/quando-os-frades-pediram-armas-ao-rei\/","og_site_name":"Convento da Sert\u00e3","article_publisher":"https:\/\/www.facebook.com\/conventodasertahotel\/","article_modified_time":"2023-05-11T10:36:33+00:00","twitter_card":"summary_large_image","twitter_site":"@conventohotel","twitter_misc":{"Est. reading time":"2 minutes"},"schema":{"@context":"https:\/\/schema.org","@graph":[{"@type":"WebPage","@id":"https:\/\/conventodasertahotel.pt\/quando-os-frades-pediram-armas-ao-rei\/","url":"https:\/\/conventodasertahotel.pt\/quando-os-frades-pediram-armas-ao-rei\/","name":"Quando os frades pediram armas ao rei - Convento da Sert\u00e3","isPartOf":{"@id":"https:\/\/conventodasertahotel.pt\/#website"},"datePublished":"2020-10-09T14:09:11+00:00","dateModified":"2023-05-11T10:36:33+00:00","breadcrumb":{"@id":"https:\/\/conventodasertahotel.pt\/quando-os-frades-pediram-armas-ao-rei\/#breadcrumb"},"inLanguage":"en-US","potentialAction":[{"@type":"ReadAction","target":["https:\/\/conventodasertahotel.pt\/quando-os-frades-pediram-armas-ao-rei\/"]}]},{"@type":"BreadcrumbList","@id":"https:\/\/conventodasertahotel.pt\/quando-os-frades-pediram-armas-ao-rei\/#breadcrumb","itemListElement":[{"@type":"ListItem","position":1,"name":"In\u00edcio","item":"https:\/\/conventodasertahotel.pt\/"},{"@type":"ListItem","position":2,"name":"Quando os frades pediram armas ao rei"}]},{"@type":"WebSite","@id":"https:\/\/conventodasertahotel.pt\/#website","url":"https:\/\/conventodasertahotel.pt\/","name":"Convento da Sert\u00e3","description":"Hotel","publisher":{"@id":"https:\/\/conventodasertahotel.pt\/#organization"},"potentialAction":[{"@type":"SearchAction","target":{"@type":"EntryPoint","urlTemplate":"https:\/\/conventodasertahotel.pt\/?s={search_term_string}"},"query-input":{"@type":"PropertyValueSpecification","valueRequired":true,"valueName":"search_term_string"}}],"inLanguage":"en-US"},{"@type":"Organization","@id":"https:\/\/conventodasertahotel.pt\/#organization","name":"Convento da Sert\u00e3","url":"https:\/\/conventodasertahotel.pt\/","logo":{"@type":"ImageObject","inLanguage":"en-US","@id":"https:\/\/conventodasertahotel.pt\/#\/schema\/logo\/image\/","url":"https:\/\/conventodasertahotel.pt\/wp-content\/uploads\/2020\/07\/logo.gif","contentUrl":"https:\/\/conventodasertahotel.pt\/wp-content\/uploads\/2020\/07\/logo.gif","width":367,"height":278,"caption":"Convento da Sert\u00e3"},"image":{"@id":"https:\/\/conventodasertahotel.pt\/#\/schema\/logo\/image\/"},"sameAs":["https:\/\/www.facebook.com\/conventodasertahotel\/","https:\/\/x.com\/conventohotel","https:\/\/www.youtube.com\/channel\/UCYcOnG408eQSTawxu_pIfXg"]}]}},"_links":{"self":[{"href":"https:\/\/conventodasertahotel.pt\/en\/wp-json\/wp\/v2\/pages\/14652","targetHints":{"allow":["GET"]}}],"collection":[{"href":"https:\/\/conventodasertahotel.pt\/en\/wp-json\/wp\/v2\/pages"}],"about":[{"href":"https:\/\/conventodasertahotel.pt\/en\/wp-json\/wp\/v2\/types\/page"}],"author":[{"embeddable":true,"href":"https:\/\/conventodasertahotel.pt\/en\/wp-json\/wp\/v2\/users\/1"}],"replies":[{"embeddable":true,"href":"https:\/\/conventodasertahotel.pt\/en\/wp-json\/wp\/v2\/comments?post=14652"}],"version-history":[{"count":0,"href":"https:\/\/conventodasertahotel.pt\/en\/wp-json\/wp\/v2\/pages\/14652\/revisions"}],"wp:attachment":[{"href":"https:\/\/conventodasertahotel.pt\/en\/wp-json\/wp\/v2\/media?parent=14652"}],"curies":[{"name":"wp","href":"https:\/\/api.w.org\/{rel}","templated":true}]}}

<div  data-mk-full-width="true" data-mk-full-width-init="false" class="wpb_row vc_row vc_row-fluid jupiter-donut- mk-fullwidth-true  attched-false     js-master-row">
			<div class="mk-grid">
				
<div class="vc_col-sm-12 wpb_column column_container  jupiter-donut- _ jupiter-donut-height-full">
	<div class="vc_empty_space"   style="height: 58px"><span class="vc_empty_space_inner"></span></div>
<h2 id="fancy-title-2" class="mk-fancy-title  simple-style jupiter-donut-  color-single">
	<span>
				<p>Quando os frades pediram armas ao rei</p>
			</span>
</h2>
<div class="clearboth"></div>



</div>
			</div>
	</div>
<div class="vc_row-full-width vc_clearfix"></div>
<div  data-mk-full-width="true" data-mk-full-width-init="false" class="wpb_row vc_row vc_row-fluid jupiter-donut- mk-fullwidth-true  attched-false     js-master-row">
			<div class="mk-grid">
				
<div class="vc_col-sm-2 wpb_column column_container  jupiter-donut- _ jupiter-donut-height-full">
	</div>

<div class="vc_col-sm-8 wpb_column column_container  jupiter-donut- _ jupiter-donut-height-full">
	
<h2 id="fancy-title-5" class="mk-fancy-title  simple-style jupiter-donut-  color-single">
	<span>
				<p>Quando os frades pediram armas ao rei para defender a Ponte Filipina da Sertã. Os franceses<br />
tentaram, por três vezes, invadir Portugal no início do século XIX.</p>
			</span>
</h2>
<div class="clearboth"></div>



<div class="vc_empty_space"   style="height: 13px"><span class="vc_empty_space_inner"></span></div>
	<div  class="wpb_single_image wpb_content_element vc_align_center">
		
		<figure class="wpb_wrapper vc_figure">
			<div class="vc_single_image-wrapper   vc_box_border_grey"><img loading="lazy" decoding="async" width="980" height="408" src="https://conventodasertahotel.pt/wp-content/uploads/2020/10/72bc116e-f21e-4caa-e805-ef853b2b40e1.jpg" class="vc_single_image-img attachment-full" alt="Convento da Sertã Hotel - Ponte Filipina" srcset="https://conventodasertahotel.pt/wp-content/uploads/2020/10/72bc116e-f21e-4caa-e805-ef853b2b40e1.jpg 980w, https://conventodasertahotel.pt/wp-content/uploads/2020/10/72bc116e-f21e-4caa-e805-ef853b2b40e1-300x125.jpg 300w, https://conventodasertahotel.pt/wp-content/uploads/2020/10/72bc116e-f21e-4caa-e805-ef853b2b40e1-768x320.jpg 768w" sizes="auto, (max-width: 980px) 100vw, 980px" itemprop="image" /></div>
		</figure>
	</div>
<div class="vc_empty_space"   style="height: 13px"><span class="vc_empty_space_inner"></span></div>
<h2 id="fancy-title-6" class="mk-fancy-title  simple-style jupiter-donut-  color-single">
	<span>
				<p style="text-align: justify;">Os franceses tentaram, por três vezes, invadir Portugal no início do século XIX. Napoleão Bonaparte enviou os seus melhores generais para alcançar tal objectivo, mas as investidas não produziram os resultados desejados. Estas invasões permanecem na memória colectiva do nosso povo. São muitas as histórias de coragem que se contam e uma delas envolve os frades do nosso Convento de Santo António (Actual Convento da Sertã Hotel). Tudo aconteceu em 1810, quando os franceses tentaram invadir o país pela terceira vez. Os frades do convento, liderados por Frei António de Santa Bárbara, escreveram à Coroa, oferecendo a sua ajuda para a defesa de uma ponte, que se encontrava próxima do convento (a ponte filipina), dos ataques das tropas de Napoleão Bonaparte. A carta, cujo original se encontra no Arquivo Histórico Militar, narrava que os religiosos, “todos ainda moços”, desejando “mostrar o seu patriotismo”, recorrem a “sua Alteza Real para que lhes mande dar treze espingardas, baionetas, traçados, e as munições necessárias para defender aquella ponte, por ser a mais importante da villa”. O rei não correspondeu à solicitação, temendo provavelmente pela segurança dos religiosos. Porém, o gesto destes frades foi elogiado pela população local.</p>
			</span>
</h2>
<div class="clearboth"></div>



<div class="vc_empty_space"   style="height: 13px"><span class="vc_empty_space_inner"></span></div></div>

<div class="vc_col-sm-2 wpb_column column_container  jupiter-donut- _ jupiter-donut-height-full">
	</div>
			</div>
	</div>
<div class="vc_row-full-width vc_clearfix"></div>

Quando os frades pediram armas ao rei Quando os frades pediram armas ao rei para defender a Ponte Filipina da Sertã. Os franceses tentaram, por três vezes, invadir Portugal no início do século XIX. Os franceses tentaram, por três vezes, invadir Portugal no início do século XIX. Napoleão Bonaparte enviou os seus melhores generais para [...]

<!-- This site is optimized with the Yoast SEO plugin v27.1.1 - https://yoast.com/product/yoast-seo-wordpress/ -->
<title>Quando os frades pediram armas ao rei - Convento da Sertã</title>
<meta name="robots" content="index, follow, max-snippet:-1, max-image-preview:large, max-video-preview:-1" />
<link rel="canonical" href="https://conventodasertahotel.pt/en/quando-os-frades-pediram-armas-ao-rei/" />
<meta property="og:locale" content="en_US" />
<meta property="og:type" content="article" />
<meta property="og:title" content="Quando os frades pediram armas ao rei - Convento da Sertã" />
<meta property="og:url" content="https://conventodasertahotel.pt/en/quando-os-frades-pediram-armas-ao-rei/" />
<meta property="og:site_name" content="Convento da Sertã" />
<meta property="article:publisher" content="https://www.facebook.com/conventodasertahotel/" />
<meta property="article:modified_time" content="2023-05-11T10:36:33+00:00" />
<meta name="twitter:card" content="summary_large_image" />
<meta name="twitter:site" content="@conventohotel" />
<meta name="twitter:label1" content="Est. reading time" />
	<meta name="twitter:data1" content="2 minutes" />
<script type="application/ld+json" class="yoast-schema-graph">{"@context":"https://schema.org","@graph":[{"@type":"WebPage","@id":"https://conventodasertahotel.pt/quando-os-frades-pediram-armas-ao-rei/","url":"https://conventodasertahotel.pt/quando-os-frades-pediram-armas-ao-rei/","name":"Quando os frades pediram armas ao rei - Convento da Sertã","isPartOf":{"@id":"https://conventodasertahotel.pt/#website"},"datePublished":"2020-10-09T14:09:11+00:00","dateModified":"2023-05-11T10:36:33+00:00","breadcrumb":{"@id":"https://conventodasertahotel.pt/quando-os-frades-pediram-armas-ao-rei/#breadcrumb"},"inLanguage":"en-US","potentialAction":[{"@type":"ReadAction","target":["https://conventodasertahotel.pt/quando-os-frades-pediram-armas-ao-rei/"]}]},{"@type":"BreadcrumbList","@id":"https://conventodasertahotel.pt/quando-os-frades-pediram-armas-ao-rei/#breadcrumb","itemListElement":[{"@type":"ListItem","position":1,"name":"Início","item":"https://conventodasertahotel.pt/"},{"@type":"ListItem","position":2,"name":"Quando os frades pediram armas ao rei"}]},{"@type":"WebSite","@id":"https://conventodasertahotel.pt/#website","url":"https://conventodasertahotel.pt/","name":"Convento da Sertã","description":"Hotel","publisher":{"@id":"https://conventodasertahotel.pt/#organization"},"potentialAction":[{"@type":"SearchAction","target":{"@type":"EntryPoint","urlTemplate":"https://conventodasertahotel.pt/?s={search_term_string}"},"query-input":{"@type":"PropertyValueSpecification","valueRequired":true,"valueName":"search_term_string"}}],"inLanguage":"en-US"},{"@type":"Organization","@id":"https://conventodasertahotel.pt/#organization","name":"Convento da Sertã","url":"https://conventodasertahotel.pt/","logo":{"@type":"ImageObject","inLanguage":"en-US","@id":"https://conventodasertahotel.pt/#/schema/logo/image/","url":"https://conventodasertahotel.pt/wp-content/uploads/2020/07/logo.gif","contentUrl":"https://conventodasertahotel.pt/wp-content/uploads/2020/07/logo.gif","width":367,"height":278,"caption":"Convento da Sertã"},"image":{"@id":"https://conventodasertahotel.pt/#/schema/logo/image/"},"sameAs":["https://www.facebook.com/conventodasertahotel/","https://x.com/conventohotel","https://www.youtube.com/channel/UCYcOnG408eQSTawxu_pIfXg"]}]}</script>
<!-- / Yoast SEO plugin. -->

Quando os frades pediram armas ao rei - Convento da Sertã

Convento da Sertã

Início
